{"id":25,"date":"2026-03-07T08:15:31","date_gmt":"2026-03-07T08:15:31","guid":{"rendered":"https:\/\/lithoracandel.click\/?page_id=25"},"modified":"2026-03-08T03:06:11","modified_gmt":"2026-03-08T03:06:11","slug":"huong-dan-su-dung","status":"publish","type":"page","link":"https:\/\/lithoracandel.click\/?page_id=25","title":{"rendered":"H\u01b0\u1edbng d\u1eabn s\u1eed d\u1ee5ng"},"content":{"rendered":"\n<p>Kh\u00f4ng ch\u1ec9 l\u00e0 m\u1ed9t s\u1ea3n ph\u1ea9m \u2013 m\u00e0 l\u00e0 m\u1ed9t nghi th\u1ee9c d\u00e0nh ri\u00eang cho b\u1ea1n.<\/p>\n\n\n\n<p>B\u1ed9 tr\u1ea3i nghi\u1ec7m \u201c\u0110\u00e1 Qu\u00fd Ch\u1eefa L\u00e0nh\u201d \u0111\u01b0\u1ee3c thi\u1ebft k\u1ebf \u0111\u1ec3 mang l\u1ea1i m\u1ed9t kho\u1ea3ng l\u1eb7ng gi\u1eefa cu\u1ed9c s\u1ed1ng b\u1eadn r\u1ed9n&#8230;<\/p>\n\n\n\n<figure class=\"wp-block-image size-full is-resized\"><img loading=\"lazy\" decoding=\"async\" width=\"387\" height=\"203\" src=\"https:\/\/lithoracandel.click\/wp-content\/uploads\/2026\/03\/Picture1-3.png\" alt=\"\" class=\"wp-image-338\" style=\"aspect-ratio:1.7777777777777777;object-fit:cover;width:449px;height:auto\" srcset=\"https:\/\/lithoracandel.click\/wp-content\/uploads\/2026\/03\/Picture1-3.png 387w, https:\/\/lithoracandel.click\/wp-content\/uploads\/2026\/03\/Picture1-3-300x157.png 300w\" sizes=\"auto, (max-width: 387px) 100vw, 387px\" \/><\/figure>\n\n\n\n<h2 class=\"wp-block-heading\">1. B\u1ed9 tr\u1ea3i nghi\u1ec7m n\u00e0y d\u00e0nh cho ai?<\/h2>\n\n\n\n<h3 class=\"wp-block-heading\">The Soul Seeker \u2013 Ng\u01b0\u1eddi t\u00ecm ki\u1ebfm s\u1ef1 b\u00ecnh y\u00ean<\/h3>\n\n\n\n<p class=\"has-medium-font-size\">Nh\u1eefng ng\u01b0\u1eddi \u0111ang c\u1ea7n m\u1ed9t kho\u1ea3ng l\u1eb7ng trong ng\u00e0y \u0111\u1ec3 th\u1ea3 l\u1ecfng t\u00e2m tr\u00ed\u2026<\/p>\n\n\n\n<h3 class=\"wp-block-heading\">The Artist \u2013 Ng\u01b0\u1eddi y\u00eau c\u00e1i \u0111\u1eb9p<\/h3>\n\n\n\n<p class=\"has-medium-font-size\">Nh\u1eefng ng\u01b0\u1eddi th\u00edch s\u00e1ng t\u1ea1o, th\u00edch l\u01b0u gi\u1eef nh\u1eefng kho\u1ea3nh kh\u1eafc ngh\u1ec7 thu\u1eadt\u2026<\/p>\n\n\n\n<h3 class=\"wp-block-heading\">The Lovers \u2013 Nh\u1eefng c\u1eb7p \u0111\u00f4i<\/h3>\n\n\n\n<p class=\"has-medium-font-size\">M\u1ed9t tr\u1ea3i nghi\u1ec7m th\u00fa v\u1ecb \u0111\u1ec3 hai ng\u01b0\u1eddi c\u00f9ng nhau t\u1ea1o n\u00ean m\u1ed9t m\u00f9i h\u01b0\u01a1ng chung\u2026<\/p>\n\n\n\n<h3 class=\"wp-block-heading\">The Givers \u2013 Ng\u01b0\u1eddi t\u1eb7ng qu\u00e0<\/h3>\n\n\n\n<p class=\"has-medium-font-size\">N\u1ebfu b\u1ea1n mu\u1ed1n g\u1eedi g\u1eafm s\u1ef1 ch\u00e2n th\u00e0nh v\u00e0o m\u1ed9t m\u00f3n qu\u00e0 t\u1ef1 tay l\u00e0m\u2026<\/p>\n\n\n\n<h2 class=\"wp-block-heading\">2. B\u00ean trong \u201cchi\u1ebfc h\u1ed9p b\u00ecnh y\u00ean\u201d<\/h2>\n\n\n\n<figure class=\"wp-block-image size-full is-resized\"><img loading=\"lazy\" decoding=\"async\" width=\"315\" height=\"207\" src=\"https:\/\/lithoracandel.click\/wp-content\/uploads\/2026\/03\/Picture2-1.png\" alt=\"\" class=\"wp-image-339\" style=\"aspect-ratio:1.521796565389696;width:414px;height:auto\" srcset=\"https:\/\/lithoracandel.click\/wp-content\/uploads\/2026\/03\/Picture2-1.png 315w, https:\/\/lithoracandel.click\/wp-content\/uploads\/2026\/03\/Picture2-1-300x197.png 300w\" sizes=\"auto, (max-width: 315px) 100vw, 315px\" \/><\/figure>\n\n\n\n<ul class=\"wp-block-list\">\n<li class=\"has-medium-font-size\">Ph\u00f4i s\u00e1p \/ ph\u00f4i x\u00e0 ph\u00f2ng \u2013 n\u1ec1n t\u1ea3ng ch\u00ednh c\u1ee7a s\u1ea3n ph\u1ea9m<\/li>\n\n\n\n<li class=\"has-medium-font-size\">M\u00e0u kho\u00e1ng thi\u00ean nhi\u00ean \u2013 t\u1ea1o v\u00e2n \u0111\u00e1 t\u1ef1 nhi\u00ean<\/li>\n\n\n\n<li class=\"has-medium-font-size\">Tinh d\u1ea7u m\u00f9i h\u01b0\u01a1ng Zodiac \u2013 k\u1ebft n\u1ed1i c\u1ea3m x\u00fac v\u00e0 n\u0103ng l\u01b0\u1ee3ng<\/li>\n\n\n\n<li class=\"has-medium-font-size\">QR Playlist Healing \u2013 \u00e2m nh\u1ea1c cho tr\u1ea3i nghi\u1ec7m th\u01b0 gi\u00e3n<\/li>\n<\/ul>\n\n\n\n<h2 class=\"wp-block-heading\">3. 5 b\u01b0\u1edbc t\u1ea1o n\u00ean vi\u00ean \u201c\u0111\u00e1 qu\u00fd\u201d c\u1ee7a ri\u00eang b\u1ea1n<\/h2>\n\n\n\n<h3 class=\"wp-block-heading\">B\u01b0\u1edbc 1: H\u00f2a tan \u2013 B\u1eaft \u0111\u1ea7u h\u00e0nh tr\u00ecnh<\/h3>\n\n\n\n<ul class=\"wp-block-list\">\n<li class=\"has-medium-font-size\">C\u1eaft nh\u1ecf ph\u00f4i s\u00e1p ho\u1eb7c ph\u00f4i x\u00e0 ph\u00f2ng<\/li>\n\n\n\n<li class=\"has-medium-font-size\">\u0110un ch\u1ea3y b\u1eb1ng c\u00e1ch \u0111un c\u00e1ch th\u1ee7y ho\u1eb7c l\u00f2 vi s\u00f3ng<\/li>\n\n\n\n<li class=\"has-medium-font-size\">Quan s\u00e1t d\u00f2ng s\u00e1p ch\u1ea3y v\u00e0 th\u01b0 gi\u00e3n<\/li>\n<\/ul>\n\n\n\n<h3 class=\"wp-block-heading\">B\u01b0\u1edbc 2: T\u1ea1o v\u00e2n \u0111\u00e1 \u2013 Ph\u00e1c h\u1ecda ngh\u1ec7 thu\u1eadt<\/h3>\n\n\n\n<ul class=\"wp-block-list\">\n<li class=\"has-medium-font-size\">Cho m\u00e0u kho\u00e1ng v\u00e0o h\u1ed7n h\u1ee3p<\/li>\n\n\n\n<li class=\"has-medium-font-size\">Kh\u00f4ng khu\u1ea5y qu\u00e1 k\u1ef9<\/li>\n\n\n\n<li class=\"has-medium-font-size\">\u0110\u1ec3 m\u00e0u t\u1ea1o v\u00e2n \u0111\u00e1 t\u1ef1 nhi\u00ean<\/li>\n<\/ul>\n\n\n\n<h3 class=\"wp-block-heading\">B\u01b0\u1edbc 3: Th\u00eam m\u00f9i h\u01b0\u01a1ng \u2013 D\u1ea5u \u1ea5n c\u00e1 nh\u00e2n<\/h3>\n\n\n\n<ul class=\"wp-block-list\">\n<li class=\"has-medium-font-size\">Nh\u1ecf v\u00e0i gi\u1ecdt tinh d\u1ea7u<\/li>\n\n\n\n<li class=\"has-medium-font-size\">D\u00f9ng 1 m\u00f9i ho\u1eb7c pha nhi\u1ec1u m\u00f9i<\/li>\n\n\n\n<li class=\"has-medium-font-size\">T\u1ea1o \u201cm\u00f9i h\u01b0\u01a1ng ch\u1eef k\u00fd\u201d<\/li>\n<\/ul>\n\n\n\n<h3 class=\"wp-block-heading\">B\u01b0\u1edbc 4: \u0110\u1ed5 khu\u00f4n \u2013 Kho\u1ea3nh kh\u1eafc t\u0129nh l\u1eb7ng<\/h3>\n\n\n\n<ul class=\"wp-block-list\">\n<li class=\"has-medium-font-size\">Nh\u00e2m nhi tr\u00e0<\/li>\n\n\n\n<li class=\"has-medium-font-size\">Tr\u00f2 chuy\u1ec7n v\u1edbi ng\u01b0\u1eddi th\u00e2n<\/li>\n\n\n\n<li class=\"has-medium-font-size\">Nghe playlist healing<\/li>\n<\/ul>\n\n\n\n<h3 class=\"wp-block-heading\">B\u01b0\u1edbc 5: Ho\u00e0n thi\u1ec7n \u2013 Vi\u00ean \u0111\u00e1 c\u1ee7a ri\u00eang b\u1ea1n<\/h3>\n\n\n\n<p class=\"has-medium-font-size\">Sau khi s\u1ea3n ph\u1ea9m \u0111\u00f4ng l\u1ea1i, nh\u1eb9 nh\u00e0ng t\u00e1ch kh\u1ecfi khu\u00f4n.<\/p>\n\n\n\n<h2 class=\"wp-block-heading\">L\u01b0u \u00fd an to\u00e0n khi tr\u1ea3i nghi\u1ec7m<\/h2>\n\n\n\n<h3 class=\"wp-block-heading\">1. L\u01b0u \u00fd v\u1ec1 nhi\u1ec7t \u0111\u1ed9<\/h3>\n\n\n\n<ul class=\"wp-block-list\">\n<li class=\"has-medium-font-size\">Kh\u00f4ng \u0111un tr\u1ef1c ti\u1ebfp tr\u00ean l\u1eeda l\u1edbn<\/li>\n\n\n\n<li class=\"has-medium-font-size\">\u0110un c\u00e1ch th\u1ee7y ho\u1eb7c l\u00f2 vi s\u00f3ng<\/li>\n\n\n\n<li class=\"has-medium-font-size\">Kh\u00f4ng \u0111\u1ec3 s\u00e1p qu\u00e1 n\u00f3ng<\/li>\n<\/ul>\n\n\n\n<h3 class=\"wp-block-heading\">2. Tr\u00e1nh ti\u1ebfp x\u00fac tr\u1ef1c ti\u1ebfp khi s\u00e1p n\u00f3ng<\/h3>\n\n\n\n<ul class=\"wp-block-list\">\n<li class=\"has-medium-font-size\">Kh\u00f4ng ch\u1ea1m tay v\u00e0o s\u00e1p n\u00f3ng<\/li>\n\n\n\n<li class=\"has-medium-font-size\">Kh\u00f4ng \u0111\u1ed5 s\u00e1p khi c\u1ea7m khu\u00f4n qu\u00e1 g\u1ea7n<\/li>\n\n\n\n<li class=\"has-medium-font-size\">N\u1ebfu d\u00ednh da r\u1eeda ngay b\u1eb1ng n\u01b0\u1edbc m\u00e1t<\/li>\n<\/ul>\n\n\n\n<h3 class=\"wp-block-heading\">3. Tr\u1ebb em c\u1ea7n ng\u01b0\u1eddi l\u1edbn gi\u00e1m s\u00e1t<\/h3>\n\n\n\n<p class=\"has-medium-font-size\">Tr\u1ebb em n\u00ean c\u00f3 ng\u01b0\u1eddi l\u1edbn h\u1ed7 tr\u1ee3 khi th\u1ef1c hi\u1ec7n c\u00e1c b\u01b0\u1edbc li\u00ean quan \u0111\u1ebfn nhi\u1ec7t.<\/p>\n\n\n\n<h3 class=\"wp-block-heading\">4. Kh\u00f4ng s\u1eed d\u1ee5ng qu\u00e1 nhi\u1ec1u tinh d\u1ea7u<\/h3>\n\n\n\n<ul class=\"wp-block-list\">\n<li class=\"has-medium-font-size\">Ch\u1ec9 d\u00f9ng 3\u20136 gi\u1ecdt<\/li>\n\n\n\n<li class=\"has-medium-font-size\">Tr\u00e1nh m\u00f9i qu\u00e1 n\u1ed3ng<\/li>\n<\/ul>\n\n\n\n<h3 class=\"wp-block-heading\">5. S\u1eed d\u1ee5ng s\u1ea3n ph\u1ea9m \u1edf n\u01a1i ph\u00f9 h\u1ee3p<\/h3>\n\n\n\n<ul class=\"wp-block-list\">\n<li class=\"has-medium-font-size\">D\u00f9ng nh\u01b0 x\u00e0 ph\u00f2ng ho\u1eb7c n\u1ebfn th\u01a1m<\/li>\n\n\n\n<li class=\"has-medium-font-size\">\u0110\u1eb7t n\u1ebfn \u1edf n\u01a1i tho\u00e1ng kh\u00ed<\/li>\n\n\n\n<li class=\"has-medium-font-size\">Kh\u00f4ng \u0111\u1ec3 g\u1ea7n v\u1eadt d\u1ec5 ch\u00e1y<\/li>\n<\/ul>\n\n\n\n<h3 class=\"wp-block-heading\">6. B\u1ea3o qu\u1ea3n B\u1ed9 KIT<\/h3>\n\n\n\n<ul class=\"wp-block-list\">\n<li class=\"has-medium-font-size\">\u0110\u1ec3 n\u01a1i kh\u00f4 r\u00e1o<\/li>\n\n\n\n<li class=\"has-medium-font-size\">Tr\u00e1nh \u00e1nh n\u1eafng tr\u1ef1c ti\u1ebfp<\/li>\n\n\n\n<li class=\"has-medium-font-size\">\u0110\u00f3ng k\u00edn h\u1ed9p sau khi s\u1eed d\u1ee5ng<\/li>\n<\/ul>\n\n\n\n<figure class=\"wp-block-image size-full is-resized\"><img loading=\"lazy\" decoding=\"async\" width=\"281\" height=\"212\" src=\"https:\/\/lithoracandel.click\/wp-content\/uploads\/2026\/03\/Picture4-2.png\" alt=\"\" class=\"wp-image-341\" style=\"aspect-ratio:1.3255380022390844;width:281px;height:auto\"\/><\/figure>\n\n\n\n<p><\/p>\n","protected":false},"excerpt":{"rendered":"<p>Kh\u00f4ng ch\u1ec9 l\u00e0 m\u1ed9t s\u1ea3n ph\u1ea9m \u2013 m\u00e0 l\u00e0 m\u1ed9t nghi th\u1ee9c d\u00e0nh ri\u00eang cho b\u1ea1n. B\u1ed9 tr\u1ea3i nghi\u1ec7m \u201c\u0110\u00e1 Qu\u00fd Ch\u1eefa L\u00e0nh\u201d \u0111\u01b0\u1ee3c thi\u1ebft k\u1ebf \u0111\u1ec3 mang l\u1ea1i m\u1ed9t kho\u1ea3ng l\u1eb7ng gi\u1eefa cu\u1ed9c s\u1ed1ng b\u1eadn r\u1ed9n&#8230; 1. B\u1ed9 tr\u1ea3i nghi\u1ec7m n\u00e0y d\u00e0nh cho ai? The Soul Seeker \u2013 Ng\u01b0\u1eddi t\u00ecm ki\u1ebfm s\u1ef1 b\u00ecnh y\u00ean [&hellip;]<\/p>\n","protected":false},"author":1,"featured_media":0,"parent":7,"menu_order":0,"comment_status":"open","ping_status":"closed","template":"","meta":{"footnotes":""},"class_list":["post-25","page","type-page","status-publish","hentry"],"jetpack_sharing_enabled":true,"_links":{"self":[{"href":"https:\/\/lithoracandel.click\/index.php?rest_route=\/wp\/v2\/pages\/25","targetHints":{"allow":["GET"]}}],"collection":[{"href":"https:\/\/lithoracandel.click\/index.php?rest_route=\/wp\/v2\/pages"}],"about":[{"href":"https:\/\/lithoracandel.click\/index.php?rest_route=\/wp\/v2\/types\/page"}],"author":[{"embeddable":true,"href":"https:\/\/lithoracandel.click\/index.php?rest_route=\/wp\/v2\/users\/1"}],"replies":[{"embeddable":true,"href":"https:\/\/lithoracandel.click\/index.php?rest_route=%2Fwp%2Fv2%2Fcomments&post=25"}],"version-history":[{"count":2,"href":"https:\/\/lithoracandel.click\/index.php?rest_route=\/wp\/v2\/pages\/25\/revisions"}],"predecessor-version":[{"id":342,"href":"https:\/\/lithoracandel.click\/index.php?rest_route=\/wp\/v2\/pages\/25\/revisions\/342"}],"up":[{"embeddable":true,"href":"https:\/\/lithoracandel.click\/index.php?rest_route=\/wp\/v2\/pages\/7"}],"wp:attachment":[{"href":"https:\/\/lithoracandel.click\/index.php?rest_route=%2Fwp%2Fv2%2Fmedia&parent=25"}],"curies":[{"name":"wp","href":"https:\/\/api.w.org\/{rel}","templated":true}]}}