{"id":173,"date":"2026-03-07T08:40:19","date_gmt":"2026-03-07T08:40:19","guid":{"rendered":"https:\/\/lithoracandel.click\/?page_id=173"},"modified":"2026-03-08T08:43:19","modified_gmt":"2026-03-08T08:43:19","slug":"tin-tuc","status":"publish","type":"page","link":"https:\/\/lithoracandel.click\/?page_id=173","title":{"rendered":"Xu H\u01b0\u1edbng Healing 2026: Khi Gi\u1edbi Tr\u1ebb T\u00ecm V\u1ec1 Tr\u1ea3i Nghi\u1ec7m T\u1ef1 Tay L\u00e0m X\u00e0 Ph\u00f2ng &amp; N\u1ebfn Th\u01a1m \u0110\u00e1 Qu\u00fd"},"content":{"rendered":"\n<figure class=\"wp-block-image size-full is-resized\"><img loading=\"lazy\" decoding=\"async\" width=\"617\" height=\"328\" src=\"https:\/\/lithoracandel.click\/wp-content\/uploads\/2026\/03\/Picture5-1.jpg\" alt=\"\" class=\"wp-image-346\" style=\"aspect-ratio:1.8811520233321182;width:537px;height:auto\" srcset=\"https:\/\/lithoracandel.click\/wp-content\/uploads\/2026\/03\/Picture5-1.jpg 617w, https:\/\/lithoracandel.click\/wp-content\/uploads\/2026\/03\/Picture5-1-600x319.jpg 600w, https:\/\/lithoracandel.click\/wp-content\/uploads\/2026\/03\/Picture5-1-300x159.jpg 300w\" sizes=\"auto, (max-width: 617px) 100vw, 617px\" \/><\/figure>\n\n\n\n<p>Trong nh\u1ecbp s\u1ed1ng hi\u1ec7n \u0111\u1ea1i \u0111\u1ea7y \u00e1p l\u1ef1c, khi gu\u1ed3ng quay h\u1ecdc t\u1eadp, c\u00f4ng vi\u1ec7c v\u00e0 m\u1ea1ng x\u00e3 h\u1ed9i di\u1ec5n ra kh\u00f4ng ng\u1eebng, gi\u1edbi tr\u1ebb ng\u00e0y c\u00e0ng quan t\u00e2m nhi\u1ec1u h\u01a1n \u0111\u1ebfn vi\u1ec7c ch\u0103m s\u00f3c s\u1ee9c kh\u1ecfe tinh th\u1ea7n. Thay v\u00ec t\u00ecm ki\u1ebfm s\u1ef1 gi\u1ea3i t\u1ecfa t\u1ee9c th\u1eddi, h\u1ecd h\u01b0\u1edbng \u0111\u1ebfn nh\u1eefng ho\u1ea1t \u0111\u1ed9ng mang t\u00ednh tr\u1ea3i nghi\u1ec7m, s\u00e1ng t\u1ea1o v\u00e0 gi\u00fap c\u00e2n b\u1eb1ng c\u1ea3m x\u00fac.<\/p>\n\n\n\n<p>N\u0103m 2026, tr\u00e0o l\u01b0u DIY (Do It Yourself) \u2013 t\u1ef1 tay l\u00e0m x\u00e0 ph\u00f2ng v\u00e0 n\u1ebfn th\u01a1m \u0111\u00e1 qu\u00fd t\u1ea1i nh\u00e0 \u2013 \u0111ang d\u1ea7n tr\u1edf th\u00e0nh xu h\u01b0\u1edbng n\u1ed5i b\u1eadt trong c\u1ed9ng \u0111\u1ed3ng theo \u0111u\u1ed5i phong c\u00e1ch s\u1ed1ng healing.<\/p>\n\n\n\n<h2 class=\"wp-block-heading\">Khi s\u00e1ng t\u1ea1o tr\u1edf th\u00e0nh m\u1ed9t li\u1ec7u ph\u00e1p tinh th\u1ea7n<\/h2>\n\n\n\n<div class=\"wp-block-columns is-layout-flex wp-container-core-columns-is-layout-28f84493 wp-block-columns-is-layout-flex\">\n<div class=\"wp-block-column is-layout-flow wp-block-column-is-layout-flow\">\n<figure class=\"wp-block-image aligncenter size-full is-resized\"><img loading=\"lazy\" decoding=\"async\" width=\"606\" height=\"375\" src=\"https:\/\/lithoracandel.click\/wp-content\/uploads\/2026\/03\/Picture6-4.jpg\" alt=\"\" class=\"wp-image-357\" style=\"aspect-ratio:3\/4;object-fit:cover;width:232px;height:auto\" srcset=\"https:\/\/lithoracandel.click\/wp-content\/uploads\/2026\/03\/Picture6-4.jpg 606w, https:\/\/lithoracandel.click\/wp-content\/uploads\/2026\/03\/Picture6-4-600x371.jpg 600w, https:\/\/lithoracandel.click\/wp-content\/uploads\/2026\/03\/Picture6-4-300x186.jpg 300w\" sizes=\"auto, (max-width: 606px) 100vw, 606px\" \/><\/figure>\n<\/div>\n\n\n\n<div class=\"wp-block-column is-layout-flow wp-block-column-is-layout-flow\">\n<p>Kh\u00f4ng c\u00f2n \u0111\u01a1n thu\u1ea7n l\u00e0 mua s\u1eafm s\u1ea3n ph\u1ea9m ho\u00e0n thi\u1ec7n, nhi\u1ec1u ng\u01b0\u1eddi tr\u1ebb mong mu\u1ed1n tr\u1ef1c ti\u1ebfp tham gia v\u00e0o qu\u00e1 tr\u00ecnh t\u1ea1o ra s\u1ea3n ph\u1ea9m. Vi\u1ec7c t\u1ef1 tay pha m\u00e0u, t\u1ea1o hi\u1ec7u \u1ee9ng v\u00e2n \u0111\u00e1 v\u00e0 \u0111\u00fac khu\u00f4n x\u00e0 ph\u00f2ng ho\u1eb7c n\u1ebfn th\u01a1m mang l\u1ea1i c\u1ea3m gi\u00e1c th\u01b0 gi\u00e3n, t\u0103ng s\u1ef1 t\u1eadp trung v\u00e0 t\u1ea1o n\u00ean ni\u1ec1m vui khi ho\u00e0n th\u00e0nh m\u1ed9t th\u00e0nh ph\u1ea9m mang d\u1ea5u \u1ea5n c\u00e1 nh\u00e2n.<\/p>\n<\/div>\n<\/div>\n\n\n\n<div class=\"wp-block-columns is-layout-flex wp-container-core-columns-is-layout-28f84493 wp-block-columns-is-layout-flex\">\n<div class=\"wp-block-column is-layout-flow wp-block-column-is-layout-flow\">\n<p>Kho\u1ea3nh kh\u1eafc t\u1eadp trung v\u00e0o t\u1eebng thao t\u00e1c nh\u1ecf gi\u00fap ng\u01b0\u1eddi th\u1ef1c hi\u1ec7n \u201cs\u1ed1ng ch\u1eadm\u201d l\u1ea1i, t\u1ea1m r\u1eddi kh\u1ecfi \u00e1p l\u1ef1c th\u01b0\u1eddng ng\u00e0y v\u00e0 t\u1eadn h\u01b0\u1edfng s\u1ef1 b\u00ecnh y\u00ean trong qu\u00e1 tr\u00ecnh s\u00e1ng t\u1ea1o.<\/p>\n<\/div>\n\n\n\n<div class=\"wp-block-column is-layout-flow wp-block-column-is-layout-flow\">\n<figure class=\"wp-block-image size-full\"><img loading=\"lazy\" decoding=\"async\" width=\"736\" height=\"1016\" src=\"https:\/\/lithoracandel.click\/wp-content\/uploads\/2026\/03\/download-1.jpg\" alt=\"\" class=\"wp-image-353\" style=\"aspect-ratio:16\/9;object-fit:cover\" srcset=\"https:\/\/lithoracandel.click\/wp-content\/uploads\/2026\/03\/download-1.jpg 736w, https:\/\/lithoracandel.click\/wp-content\/uploads\/2026\/03\/download-1-600x828.jpg 600w, https:\/\/lithoracandel.click\/wp-content\/uploads\/2026\/03\/download-1-217x300.jpg 217w\" sizes=\"auto, (max-width: 736px) 100vw, 736px\" \/><\/figure>\n<\/div>\n<\/div>\n\n\n\n<h2 class=\"wp-block-heading\">C\u00e1 nh\u00e2n h\u00f3a \u2013 y\u1ebfu t\u1ed1 t\u1ea1o n\u00ean s\u1ee9c h\u00fat<\/h2>\n\n\n\n<div class=\"wp-block-columns is-layout-flex wp-container-core-columns-is-layout-28f84493 wp-block-columns-is-layout-flex\">\n<div class=\"wp-block-column is-layout-flow wp-block-column-is-layout-flow\">\n<p class=\"has-large-font-size\">\u0110i\u1ec3m \u0111\u1eb7c bi\u1ec7t c\u1ee7a c\u00e1c b\u1ed9 kit DIY x\u00e0 ph\u00f2ng v\u00e0 n\u1ebfn th\u01a1m \u0111\u00e1 qu\u00fd n\u1eb1m \u1edf kh\u1ea3 n\u0103ng c\u00e1 nh\u00e2n h\u00f3a cao. Ng\u01b0\u1eddi d\u00f9ng c\u00f3 th\u1ec3:<\/p>\n<\/div>\n\n\n\n<div class=\"wp-block-column is-layout-flow wp-block-column-is-layout-flow\">\n<figure class=\"wp-block-image size-full is-resized\"><img loading=\"lazy\" decoding=\"async\" width=\"633\" height=\"447\" src=\"https:\/\/lithoracandel.click\/wp-content\/uploads\/2026\/03\/Picture9-1.jpg\" alt=\"\" class=\"wp-image-355\" style=\"aspect-ratio:1.7777777777777777;object-fit:cover;width:212px;height:auto\" srcset=\"https:\/\/lithoracandel.click\/wp-content\/uploads\/2026\/03\/Picture9-1.jpg 633w, https:\/\/lithoracandel.click\/wp-content\/uploads\/2026\/03\/Picture9-1-600x424.jpg 600w, https:\/\/lithoracandel.click\/wp-content\/uploads\/2026\/03\/Picture9-1-300x212.jpg 300w\" sizes=\"auto, (max-width: 633px) 100vw, 633px\" \/><\/figure>\n<\/div>\n<\/div>\n\n\n\n<ul class=\"wp-block-list\">\n<li class=\"has-medium-font-size\">L\u1ef1a ch\u1ecdn m\u00e0u s\u1eafc theo s\u1edf th\u00edch<\/li>\n\n\n\n<li class=\"has-medium-font-size\">Ph\u1ed1i m\u00f9i h\u01b0\u01a1ng theo c\u00e1 t\u00ednh T\u1ea1o hi\u1ec7u \u1ee9ng v\u00e2n \u0111\u00e1 \u0111\u1ed9c \u0111\u00e1o<\/li>\n\n\n\n<li class=\"has-medium-font-size\">Tham kh\u1ea3o m\u00f9i h\u01b0\u01a1ng theo phong c\u00e1ch s\u1ed1ng ho\u1eb7c cung ho\u00e0ng \u0111\u1ea1o<\/li>\n<\/ul>\n\n\n\n<h2 class=\"wp-block-heading\">Xu h\u01b0\u1edbng qu\u00e0 t\u1eb7ng mang gi\u00e1 tr\u1ecb c\u1ea3m x\u00fac<\/h2>\n\n\n\n<div class=\"wp-block-columns is-layout-flex wp-container-core-columns-is-layout-28f84493 wp-block-columns-is-layout-flex\">\n<div class=\"wp-block-column is-layout-flow wp-block-column-is-layout-flow\">\n<p>B\u00ean c\u1ea1nh m\u1ee5c \u0111\u00edch th\u01b0 gi\u00e3n, b\u1ed9 kit DIY c\u00f2n tr\u1edf th\u00e0nh l\u1ef1a ch\u1ecdn qu\u00e0 t\u1eb7ng mang \u00fd ngh\u0129a tinh th\u1ea7n. Thay v\u00ec nh\u1eefng s\u1ea3n ph\u1ea9m s\u1ea3n xu\u1ea5t h\u00e0ng lo\u1ea1t, nhi\u1ec1u ng\u01b0\u1eddi \u01b0u ti\u00ean trao t\u1eb7ng m\u1ed9t tr\u1ea3i nghi\u1ec7m s\u00e1ng t\u1ea1o \u2013 n\u01a1i ng\u01b0\u1eddi nh\u1eadn c\u00f3 th\u1ec3 t\u1ef1 tay t\u1ea1o n\u00ean <\/p>\n\n\n\n<p> <\/p>\n<\/div>\n\n\n\n<div class=\"wp-block-column is-layout-flow wp-block-column-is-layout-flow\">\n<p class=\"has-text-align-left\">s\u1ea3n ph\u1ea9m c\u1ee7a ri\u00eang m\u00ecnh. Ho\u1ea1t \u0111\u1ed9ng n\u00e0y \u0111\u01b0\u1ee3c y\u00eau th\u00edch trong c\u00e1c d\u1ecbp sinh nh\u1eadt, k\u1ef7 ni\u1ec7m, h\u1eb9n h\u00f2 c\u1eb7p \u0111\u00f4i ho\u1eb7c nh\u1eefng bu\u1ed5i g\u1eb7p g\u1ee1 nh\u00f3m b\u1ea1n, b\u1edfi n\u00f3 kh\u00f4ng ch\u1ec9 l\u00e0 m\u00f3n qu\u00e0 v\u1eadt ch\u1ea5t m\u00e0 c\u00f2n l\u00e0 k\u1ef7 ni\u1ec7m \u0111\u00e1ng nh\u1edb.<\/p>\n<\/div>\n\n\n\n<div class=\"wp-block-column is-layout-flow wp-block-column-is-layout-flow\">\n<figure class=\"wp-block-image size-full\"><img loading=\"lazy\" decoding=\"async\" width=\"607\" height=\"430\" src=\"https:\/\/lithoracandel.click\/wp-content\/uploads\/2026\/03\/Picture10-1.jpg\" alt=\"\" class=\"wp-image-364\" style=\"aspect-ratio:2\/3;object-fit:cover\" srcset=\"https:\/\/lithoracandel.click\/wp-content\/uploads\/2026\/03\/Picture10-1.jpg 607w, https:\/\/lithoracandel.click\/wp-content\/uploads\/2026\/03\/Picture10-1-600x425.jpg 600w, https:\/\/lithoracandel.click\/wp-content\/uploads\/2026\/03\/Picture10-1-300x213.jpg 300w\" sizes=\"auto, (max-width: 607px) 100vw, 607px\" \/><\/figure>\n<\/div>\n<\/div>\n\n\n\n<h2 class=\"wp-block-heading\">Khi tr\u1ea3i nghi\u1ec7m tr\u1edf th\u00e0nh xu h\u01b0\u1edbng ti\u00eau d\u00f9ng m\u1edbi<\/h2>\n\n\n\n<p>Ng\u01b0\u1eddi ti\u00eau d\u00f9ng hi\u1ec7n \u0111\u1ea1i kh\u00f4ng ch\u1ec9 quan t\u00e2m \u0111\u1ebfn s\u1ea3n ph\u1ea9m, m\u00e0 c\u00f2n ch\u00fa tr\u1ecdng \u0111\u1ebfn gi\u00e1 tr\u1ecb c\u1ea3m x\u00fac v\u00e0 h\u00e0nh tr\u00ecnh tr\u1ea3i nghi\u1ec7m. DIY x\u00e0 ph\u00f2ng v\u00e0 n\u1ebfn th\u01a1m \u0111\u00e1 qu\u00fd ph\u1ea3n \u00e1nh r\u00f5 s\u1ef1 chuy\u1ec3n d\u1ecbch n\u00e0y \u2013 n\u01a1i s\u00e1ng t\u1ea1o, c\u00e1 nh\u00e2n h\u00f3a v\u00e0 ch\u0103m s\u00f3c tinh th\u1ea7n \u0111\u01b0\u1ee3c \u0111\u1eb7t l\u00ean h\u00e0ng \u0111\u1ea7u.<\/p>\n\n\n\n<p>Trong m\u1ed9t th\u1ebf gi\u1edbi ng\u00e0y c\u00e0ng b\u1eadn r\u1ed9n, vi\u1ec7c d\u00e0nh th\u1eddi gian \u0111\u1ec3 t\u1ef1 tay t\u1ea1o n\u00ean m\u1ed9t s\u1ea3n ph\u1ea9m nh\u1ecf mang d\u1ea5u \u1ea5n ri\u00eang \u0111ang tr\u1edf th\u00e0nh c\u00e1ch nhi\u1ec1u ng\u01b0\u1eddi tr\u1ebb l\u1ef1a ch\u1ecdn \u0111\u1ec3 c\u00e2n b\u1eb1ng cu\u1ed9c s\u1ed1ng v\u00e0 nu\u00f4i d\u01b0\u1ee1ng t\u00e2m h\u1ed3n.<\/p>\n\n\n\n<p>\u0110\u00f4i khi, ch\u1ec9 c\u1ea7n m\u1ed9t kho\u1ea3ng th\u1eddi gian nh\u1ecf cho s\u1ef1 s\u00e1ng t\u1ea1o c\u0169ng \u0111\u1ee7 \u0111\u1ec3 mang l\u1ea1i nh\u1eefng ph\u00fat gi\u00e2y b\u00ecnh y\u00ean v\u00e0 \u00fd ngh\u0129a.<\/p>\n\n\n\n<p><\/p>\n","protected":false},"excerpt":{"rendered":"<p>Trong nh\u1ecbp s\u1ed1ng hi\u1ec7n \u0111\u1ea1i \u0111\u1ea7y \u00e1p l\u1ef1c, khi gu\u1ed3ng quay h\u1ecdc t\u1eadp, c\u00f4ng vi\u1ec7c v\u00e0 m\u1ea1ng x\u00e3 h\u1ed9i di\u1ec5n ra kh\u00f4ng ng\u1eebng, gi\u1edbi tr\u1ebb ng\u00e0y c\u00e0ng quan t\u00e2m nhi\u1ec1u h\u01a1n \u0111\u1ebfn vi\u1ec7c ch\u0103m s\u00f3c s\u1ee9c kh\u1ecfe tinh th\u1ea7n. Thay v\u00ec t\u00ecm ki\u1ebfm s\u1ef1 gi\u1ea3i t\u1ecfa t\u1ee9c th\u1eddi, h\u1ecd h\u01b0\u1edbng \u0111\u1ebfn nh\u1eefng ho\u1ea1t \u0111\u1ed9ng mang [&hellip;]<\/p>\n","protected":false},"author":1,"featured_media":0,"parent":7,"menu_order":0,"comment_status":"open","ping_status":"closed","template":"","meta":{"footnotes":""},"class_list":["post-173","page","type-page","status-publish","hentry"],"jetpack_sharing_enabled":true,"_links":{"self":[{"href":"https:\/\/lithoracandel.click\/index.php?rest_route=\/wp\/v2\/pages\/173","targetHints":{"allow":["GET"]}}],"collection":[{"href":"https:\/\/lithoracandel.click\/index.php?rest_route=\/wp\/v2\/pages"}],"about":[{"href":"https:\/\/lithoracandel.click\/index.php?rest_route=\/wp\/v2\/types\/page"}],"author":[{"embeddable":true,"href":"https:\/\/lithoracandel.click\/index.php?rest_route=\/wp\/v2\/users\/1"}],"replies":[{"embeddable":true,"href":"https:\/\/lithoracandel.click\/index.php?rest_route=%2Fwp%2Fv2%2Fcomments&post=173"}],"version-history":[{"count":3,"href":"https:\/\/lithoracandel.click\/index.php?rest_route=\/wp\/v2\/pages\/173\/revisions"}],"predecessor-version":[{"id":365,"href":"https:\/\/lithoracandel.click\/index.php?rest_route=\/wp\/v2\/pages\/173\/revisions\/365"}],"up":[{"embeddable":true,"href":"https:\/\/lithoracandel.click\/index.php?rest_route=\/wp\/v2\/pages\/7"}],"wp:attachment":[{"href":"https:\/\/lithoracandel.click\/index.php?rest_route=%2Fwp%2Fv2%2Fmedia&parent=173"}],"curies":[{"name":"wp","href":"https:\/\/api.w.org\/{rel}","templated":true}]}}